ainder when 92 is divided by r?
12
Let i(a) = -24*a**3 + a**2. Calculate the remainder when 84 is divided by i(-1).
9
Suppose 0 = -5*q + 13 - 3. Suppose 5*p = 21 - 6, q*j + 2*p - 20 = 0. Let n(s) = -6*s + 2. What is the remainder when n(-3) is divided by j?
6
Let p = -64 - -203. What is the remainder when p is divided by 36?
31
Suppose 0*z = 4*z - 56. Let l be 4 + -4 + 10 + 0. Suppose -5 + l = n. What is the remainder when z is divided by n?
4
Let p(g) = g**3 - 7*g**2 - 7*g - 9. Let k be p(8). Let l be -10 + (k + 2)*3. What is the remainder when 54 is divided by l/(6/(-4) - -1)?
12
Let h = -117 - -159. What is the remainder when (-1498)/(-12) + 7/42 is divided by h?
41
Let y(v) = -v**3 + 4*v**2 - 3*v + 4. Calculate the remainder when (-8 + 3)/(-1*(8 + -7)) is divided by y(3).
1
Let q = 1267 - 1214. Calculate the remainder when 97 is divided by q.
44
Let l = 36 + -21. Calculate the remainder when (-12)/(-20) + 531/l is divided by 14.
8
Let c(a) = -a**2 - 4*a - 1. Let f be c(-2). Suppose -5*b = -47 - f. What is the remainder when b is divided by 3?
1
Let r = 30 - 28. Suppose r*u = 94 + 182. What is the remainder when u is divided by 35?
33
Suppose -176 = -5*j + 129. Calculate the remainder when 119 is divided by j.
58
Let g be (-24*2)/(-3) - (0 - -1). What is the remainder when 10 is divided by ((-7)/21)/((-1)/g)?
0
Suppose -4*a = -2*o - 2*o + 12, 3*o - 9 = -a. Suppose -o*b + 231 = 4*b. What is the remainder when b is divided by 12?
9
Suppose b + 3*v - 3 = 13, 25 = 5*v. Let p(l) = -l**2 + 53. Let d be p(0). Suppose w - d - b = 0. Calculate the remainder when w is divided by 19.
16
Let h(c) = -14*c - 73. What is the remainder when 75 is divided by h(-6)?
9
Let r = 224 - 211. What is the remainder when 294 is divided by r?
8
Let j(p) = -131*p - 981. Calculate the remainder when 275 is divided by j(-8).
7
Suppose 0 = o + 3*o - 4. Let z = 65 - 61. Suppose 3*h + 4*j = 2*h - 7, z*h + j = 2. Calculate the remainder when h is divided by o.
0
Let j(f) = -f**2 + 9*f + 13. Let t be j(10). Suppose 2 = a, -4*i + t*i - 2*a = -15. Calculate the remainder when 54 is divided by i.
10
Suppose 4*l + 2*a = 10, -l + a + a = 0. Suppose 14*y - l*y - 948 = 0. Calculate the remainder when y is divided by (0 - -40)*(-2)/(-4).
19
Let z be (-32)/24*(-2 - 1). Suppose 0 = -z*d - 20, 0 = 4*a - 2*d - 2*d - 276. What is the remainder when a is divided by 13?
12
Let b(m) = -16*m - 367. Calculate the remainder when b(-31) is divided by 35.
24
Let r = -32 + 54. Let l = -17 + r. What is the remainder when 33 is divided by l?
3
Let h = -1670 + 3053. Calculate the remainder when h is divided by 77.
74
Let x be (3/(-1) - 1)/((-3)/(-42)). Suppose s + 73 + 72 = 2*w, 3*w - 237 = -5*s. Calculate the remainder when w is divided by x/(-3) - ((-35)/(-15))/(-7).
17
Let v(j) = -29*j - 7*j - 12*j + 1. Calculate the remainder when v(-2) is divided by 1/3 - 40/(-15) - -22.
22
Let c = -49 + 269. What is the remainder when c is divided by 16?
12
Let i = 608 - 602. What is the remainder when 9 is divided by i?
3
Suppose -4*r + 825 = -2*q - q, 0 = 2*r - q - 413. What is the remainder when r is divided by 42?
39
Suppose 3*c = -87 + 174. What is the remainder when 168 is divided by c?
23
Calculate the remainder when (-21)/(-28)*(0 - (0 + -56)) is divided by 18.
6
Calculate the remainder when 2 + ((-15)/5*-37 - 5) is divided by 14.
10
Suppose 0 = s - 2*x - 4, -x = -3*x - 4. Suppose 2*f - 622 + 26 = s. What is the remainder when f/6 - (-3)/9 is divided by 26?
24
Let z(h) = -h**2 - 17*h + 12. Let q be z(-14). Suppose -y = -5*k - 0*k - q, 2*y + 2*k - 144 = 0. Calculate the remainder when y is divided by 35.
34
Let n = -56 + 402. What is the remainder when n is divided by 25?
21
Let u(b) = -3*b + 2. Let a be u(-2). Suppose 22 = -3*g - a. What is the remainder when 47/7 - g/35 is divided by 2?
1
Let x = -539 - -564. What is the remainder when 60 is divided by x?
10
Suppose 2*n = 3*n - 27. Let x = -12 + n. Calculate the remainder when 27 is divided by x.
12
Let h = 96 - 84. Suppose -136 = 5*d + 4*o, -124 = 5*d + o - 0*o. What is the remainder when (-6)/(-8) + (-486)/d is divided by h?
9
Let k be (-320)/(-15) + (-1)/3. Suppose -1 = 4*a - k. Calculate the remainder when 23 is divided by a.
3
Let y(i) = 3*i**2 - i + 19. Let c be (-21)/(-3) + -4 - (-2 + 1). Calculate the remainder when y(c) is divided by 5.
3
Suppose 0 = 66*r - 515 - 145. What is the remainder when 13 is divided by r?
3
Suppose -25*c + 320 = -9*c. Calculate the remainder when 112 is divided by c.
12
Suppose 154 = 21*j - 14*j. Let r(y) = 1 - 1 - 5*y + 0 + 1. Calculate the remainder when j is divided by r(-1).
4
Let u(w) = -32*w**3 + 2*w + 3. What is the remainder when 53 is divided by u(-1)?
20
Let f(z) = -z**2 + 18*z + 8. Calculate the remainder when f(11) is divided by 35.
15
Let f(i) = -3*i**3 - i**2 + i + 1. Let x be f(-1). Suppose 0 = 3*a + x - 29. Suppose -3*c + 7 + 2 = 0. Calculate the remainder when a is divided by c.
0
Let u = -160 + 341. What is the remainder when u is divided by 46?
43
Suppose -4*w - s + 18 = 0, -2*w + 6 = s - 2. Let q(d) = 38*d + 629. Calculate the remainder when q(-16) is divided by w.
1
Let u be (5/(-15))/(1/(-24)). Calculate the remainder when 8 is divided by (5/(-10))/((-2)/u).
0
Let f = -847 - -861. What is the remainder when 36 is divided by f?
8
Calculate the remainder when 92 - -2 - -3 - 5 is divided by 1*(-6)/3 + 21.
16
Let b = -204 + 243. What is the remainder when b is divided by 20?
19
Suppose 3*j = 9*h - 4*h - 21, 9 = -h + 5*j. What is the remainder when 34 is divided by h?
4
Let x(l) = 3*l - 1. Let s be x(-2). Let h = s - -17. Let v = -1139 + 1155. Calculate the remainder when v is divided by h.
6
Suppose 14 = 9*k - 8*k. Let q = 37 - -3. What is the remainder when q is divided by k?
12
Suppose 4*l = l + 18. Suppose 0*n - 14 = -2*t + 2*n, 5*t = -2*n + 14. Calculate the remainder when l is divided by t.
2
Let c(t) = 19*t + 5. Let q be c(5). Suppose -q - 340 = -5*i. Suppose 3*d + 2*d - i = y, d = 5*y + 32. Calculate the remainder when d is divided by 5.
2
Let u(i) = i + 4. Let k = 34 + -28. Suppose -2*a = -5*b - 10, 3*a - 2*a - 2*b - k = 0. Calculate the remainder when u(a) is divided by 8.
6
Let l(g) = g**2 + 83. Let t be l(0). Suppose -583 = -5*f - t. What is the remainder when f is divided by 17?
15
Calculate the remainder when 1747 is divided by -5*(8/(-30))/((-2)/(-21)).
11
Let i(u) = 6*u + 14. Let f be i(-4). What is the remainder when 17 is divided by (24/(-10))/(4/f)?
5
Suppose 4*g + 172 = -0*g + 4*n, 4 = -4*n. Let k = 91 + g. Let b = -28 - -40. What is the remainder when k is divided by b?
11
Let w = 18 + -9. Let v = 29 + -93. Let l = -39 - v. Calculate the remainder when l is divided by w.
7
Let p be (8*-2)/(3/((-132)/8)). Let d = -75 + p. Calculate the remainder when 50 is divided by d.
11
Suppose 7*y - 1 = -8. Calculate the remainder when 16 is divided by (30/(-24) - 1)/(y/4).
7
Let i = 36 + -33. Suppose -5*u = -5*z - 80 - 15, 97 = -5*z + i*u. Let r = z - -34. Calculate the remainder when 53 is divided by r.
11
Suppose 4*j - 10 = -2*u, -8*u = -3*u + 25. Let g = 129 + -125. Calculate the remainder when j is divided by g.
1
Let f = 14 - -20. Suppose 2*g + 0*g - 130 = -n, 0 = 5*g + n - 331. What is the remainder when g is divided by f?
33
Let p(j) = j**3 + 6*j**2 + 5*j + 3. Calculate the remainder when 223 is divided by p(-3).
13
What is the remainder when 732 is divided by (708/826)/(1282/(-644) - -2)?
88
Let r = -407 + 428. What is the remainder when 32 is divided by r?
11
Suppose -5*a + 2*a + 24 = 0. Let d = a + 27. Calculate the remainder when d is divided by 19.
16
Let u = 1835 - 1810. Calculate the remainder when 76 is divided by u.
1
Suppose -35 = -3*g + 3*y + 34, -3*y + 51 = 3*g. What is the remainder when 78 is divided by g?
18
Let k(o) = -4*o - 19. Let v = -67 - -57. Suppose -5*y + 32 = -y. What is the remainder when k(v) is divided by y?
5
Suppose 12 = 6*j - 3*j. Suppose -4*q + 23 = b - 65, -5*b = j*q - 440. Calculate the remainder when b is divided by 9.
7
Let k(p) = 3*p**2 + 2*p - 2. Let y = 779 + -767. Calculate the remainder when k(3) is divided by y.
7
Let v(u) = -u + 26. Suppose -146*h = -143*h - 231. Calculate the remainder when h is divided by v(0).
25
Suppose -3*s = -5*x + 1